{"id":101,"date":"2024-05-20T22:24:12","date_gmt":"2024-05-20T20:24:12","guid":{"rendered":"https:\/\/sojaroszowka.pl\/?page_id=101"},"modified":"2025-05-06T17:23:21","modified_gmt":"2025-05-06T15:23:21","slug":"kontakt","status":"publish","type":"page","link":"https:\/\/sojaroszowka.pl\/index.php\/kontakt\/","title":{"rendered":"KONTAKT"},"content":{"rendered":"\n<p><strong>Zarz\u0105d <\/strong>&nbsp;&#8211;&nbsp; 730&nbsp;106 678<\/p>\n\n\n\n<p><strong>Telefon dy\u017curny<\/strong>&nbsp; &#8211;<\/p>\n\n\n\n<p><strong>Sprawy techniczne<\/strong> ( media, bramy )&nbsp; &#8211; 609&nbsp;350&nbsp;069<\/p>\n\n\n\n<p><strong><em>e-mail :<\/em><\/strong><em>&nbsp; <\/em><a href=\"mailto:info@sojaroszowka.pl\"><em>info@sojaroszowka.pl<\/em><\/a><em><\/em><em>&nbsp;&nbsp;&nbsp;&nbsp;&nbsp;&nbsp;&nbsp;&nbsp;&nbsp;&nbsp;&nbsp;&nbsp;&nbsp;&nbsp; <\/em><a href=\"mailto:zarzad@sojaroszowka.pl\"><em>zarzad@sojaroszowka.pl<\/em><\/a><\/p>\n\n\n\n<p><strong><em>e-mail  do Skarbnika Zarz\u0105du:<\/em><\/strong><em>\u00a0         <a href=\"mailto:skarbnik@sojaroszowka.pl\" target=\"_blank\" rel=\"noreferrer noopener\">skarbnik@sojaroszowka.pl<\/a> \u00a0\u00a0\u00a0\u00a0\u00a0\u00a0\u00a0\u00a0\u00a0\u00a0\u00a0\u00a0\u00a0<\/em><\/p>\n\n\n\n<p><\/p>\n\n\n\n<hr class=\"wp-block-separator has-alpha-channel-opacity\"\/>\n\n\n\n<p>Stowarzyszenie Ogrodowe &#8222;JAROSZ\u00d3WKA&#8221;<\/p>\n\n\n\n<p>ul. S\u0142oneczna   <\/p>\n\n\n\n<p>05-505 Jaroszowa Wola    ( gm. Pra\u017cm\u00f3w )<\/p>\n\n\n\n<p>NIP &#8211; 1231295616<\/p>\n\n\n\n<p>KRS &#8211; 0000546983<\/p>\n\n\n\n<hr class=\"wp-block-separator has-alpha-channel-opacity\"\/>\n\n\n\n<p class=\"has-medium-font-size\">KONTO DO WP\u0141AT <\/p>\n\n\n\n<p>BNP PARIBAS <\/p>\n\n\n\n<p><strong>64 2030 0045 1110 0000 0407 3050<\/strong><\/p>\n","protected":false},"excerpt":{"rendered":"<p>Zarz\u0105d &nbsp;&#8211;&nbsp; 730&nbsp;106 678 Telefon dy\u017curny&nbsp; &#8211; Sprawy techniczne ( media, bramy )&nbsp; &#8211; 609&nbsp;350&nbsp;069 e-mail :&nbsp; info@sojaroszowka.pl&nbsp;&nbsp;&nbsp;&nbsp;&nbsp;&nbsp;&nbsp;&nbsp;&nbsp;&nbsp;&nbsp;&nbsp;&nbsp;&nbsp; zarzad@sojaroszowka.pl e-mail do Skarbnika Zarz\u0105du:\u00a0 skarbnik@sojaroszowka.pl \u00a0\u00a0\u00a0\u00a0\u00a0\u00a0\u00a0\u00a0\u00a0\u00a0\u00a0\u00a0\u00a0 Stowarzyszenie Ogrodowe &#8222;JAROSZ\u00d3WKA&#8221; ul. S\u0142oneczna 05-505 Jaroszowa Wola ( gm. Pra\u017cm\u00f3w ) NIP &#8211; 1231295616 KRS &#8211; 0000546983 KONTO DO WP\u0141AT BNP PARIBAS 64 2030 0045 1110 0000 0407 3050<\/p>\n","protected":false},"author":1,"featured_media":0,"parent":0,"menu_order":0,"comment_status":"closed","ping_status":"closed","template":"","meta":{"footnotes":""},"class_list":["post-101","page","type-page","status-publish","hentry"],"_links":{"self":[{"href":"https:\/\/sojaroszowka.pl\/index.php\/wp-json\/wp\/v2\/pages\/101","targetHints":{"allow":["GET"]}}],"collection":[{"href":"https:\/\/sojaroszowka.pl\/index.php\/wp-json\/wp\/v2\/pages"}],"about":[{"href":"https:\/\/sojaroszowka.pl\/index.php\/wp-json\/wp\/v2\/types\/page"}],"author":[{"embeddable":true,"href":"https:\/\/sojaroszowka.pl\/index.php\/wp-json\/wp\/v2\/users\/1"}],"replies":[{"embeddable":true,"href":"https:\/\/sojaroszowka.pl\/index.php\/wp-json\/wp\/v2\/comments?post=101"}],"version-history":[{"count":8,"href":"https:\/\/sojaroszowka.pl\/index.php\/wp-json\/wp\/v2\/pages\/101\/revisions"}],"predecessor-version":[{"id":438,"href":"https:\/\/sojaroszowka.pl\/index.php\/wp-json\/wp\/v2\/pages\/101\/revisions\/438"}],"wp:attachment":[{"href":"https:\/\/sojaroszowka.pl\/index.php\/wp-json\/wp\/v2\/media?parent=101"}],"curies":[{"name":"wp","href":"https:\/\/api.w.org\/{rel}","templated":true}]}}