{"id":177,"date":"2025-09-14T11:49:10","date_gmt":"2025-09-14T09:49:10","guid":{"rendered":"https:\/\/sojaroszowka.pl\/?page_id=177"},"modified":"2026-04-23T07:01:58","modified_gmt":"2026-04-23T05:01:58","slug":"komunikaty","status":"publish","type":"page","link":"https:\/\/sojaroszowka.pl\/index.php\/komunikaty\/","title":{"rendered":"KOMUNIKATY"},"content":{"rendered":"\n<p><\/p>\n\n\n\n<p><\/p>\n\n\n\n<p>10\/04\/2026<\/p>\n\n\n\n<p class=\"has-medium-font-size\"><strong>WALNE ZEBRANIE CZ\u0141ONK\u00d3W STOWARZYSZENIA<\/strong><\/p>\n\n\n\n<p>Informujemy \u017ce <em>WALNE ZEBRANIE CZ\u0141ONK\u00d3W STOWARZYSZENIA<\/em> odb\u0119dzie si\u0119 w dniu <strong>26 kwietnia (niedziela). Godzina rozpocz\u0119cia 12:00<\/strong>. <\/p>\n\n\n\n<p>Informujemy \u017ce obecno\u015b\u0107 jest OBOWI\u0104ZKOWA dla wszystkich cz\u0142onk\u00f3w Stowarzyszenia<\/p>\n\n\n\n<p><\/p>\n\n\n\n<hr class=\"wp-block-separator has-alpha-channel-opacity\"\/>\n\n\n\n<p><\/p>\n\n\n\n<p>10\/04\/2026<\/p>\n\n\n\n<p class=\"has-medium-font-size\"><strong>&#x1f4e2;<\/strong> <strong>OTWARCIE WODOCI\u0104GU <\/strong><\/p>\n\n\n\n<p>Informujemy, \u017ce w dniu <strong>25 kwietnia 2026 r. (sobota) od godz. 10:00<\/strong> nast\u0105pi <strong>otwarcie wodoci\u0105gu<\/strong>.<\/p>\n\n\n\n<p>W tym samym czasie odb\u0119dzie si\u0119 r\u00f3wnie\u017c kontrolny odczyt licznik\u00f3w wody.<br>Prosimy o obecno\u015b\u0107.<\/p>\n\n\n\n<p>Dodatkowo przypominamy o obowi\u0105zku weryfikacji  instalacji przy wodomierzu po okresie zimowym, w celu sprawdzenia czy nie powsta\u0142y ewentualne rozszczelnienia po zimie.<\/p>\n\n\n\n<p>Informujemy, \u017ce w przypadku wyciek\u00f3w przy wodomierzach, dop\u0142yw wody zostanie odciety na zaworze w drodze do momentu usuni\u0119cia awarii przez dzia\u0142kowca.<\/p>\n\n\n\n<p><\/p>\n\n\n\n<hr class=\"wp-block-separator has-alpha-channel-opacity\"\/>\n\n\n\n<p><\/p>\n\n\n\n<p class=\"has-medium-font-size\"><strong>&#x1f4e2; ZAMKNI\u0118CIE WODOCI\u0104GU NA OKRES ZIMOWY<\/strong><\/p>\n\n\n\n<p style=\"font-size:14px\">Informujemy, \u017ce w dniu <strong>26 pa\u017adziernika 2025 r. (niedziela) o godz. 12:00<\/strong> nast\u0105pi <strong>zamkni\u0119cie wodoci\u0105gu na okres zimowy<\/strong>.<\/p>\n\n\n\n<p style=\"font-size:14px\">W tym samym czasie odb\u0119dzie si\u0119 r\u00f3wnie\u017c odczyt licznik\u00f3w wody.<br>Prosimy o obecno\u015b\u0107 i udost\u0119pnienie licznik\u00f3w do odczytu.<\/p>\n\n\n\n<p style=\"font-size:14px\">Dodatkowo przypominamy o obowi\u0105zku zabezpieczenia wodomierzy na okres zimowy, aby unikn\u0105\u0107 ich uszkodzenia.<\/p>\n\n\n\n<p style=\"font-size:14px\">Z g\u00f3ry dzi\u0119kujemy za wsp\u00f3\u0142prac\u0119.<\/p>\n\n\n\n<p><\/p>\n\n\n\n<hr class=\"wp-block-separator has-alpha-channel-opacity\"\/>\n\n\n\n<p><\/p>\n\n\n\n<p class=\"has-medium-font-size\">WYSOKIE ZAGRO\u017bENIE PO\u017bAROWE<\/p>\n\n\n\n<p style=\"font-size:14px\">Z uwagi na wyst\u0119puj\u0105c\u0105 od d\u0142ugiego okresu susz\u0119 hydrologiczn\u0105, informujemy, \u017ce na otaczaj\u0105cym nas obszarze le\u015bnym, jest og\u0142oszone bardzo wysokie zagro\u017cenie po\u017carowe. <\/p>\n\n\n\n<p style=\"font-size:14px\">Prosimy wszystkich przebywaj\u0105cych na terenie naszego ogrodu o \u015bcis\u0142e przestrzeganie regulaminu.<\/p>\n\n\n\n<p style=\"font-size:14px\">Przypominamy \u017ce na naszym terenie obowi\u0105zuje ca\u0142kowity <strong>ZAKAZ<\/strong> u\u017cywania otwartego ognia. <\/p>\n\n\n\n<p style=\"font-size:14px\">Wszystkie alejki s\u0105 drogami po\u017carowymi, dlatego obowi\u0105zuje <strong>BEZWZGL\u0118DNY ZAKAZ<\/strong> ich zastawiania. Apelujemy do wszystkich dzia\u0142kowc\u00f3w i os\u00f3b ich odwiedzaj\u0105cych, \u017ce parkowanie samochod\u00f3w jest dozwolone <strong>tylko w miejscach wyznaczonych lub na w\u0142asnej dzia\u0142ce<\/strong>.<\/p>\n\n\n\n<p style=\"font-size:14px\"> Lekcewarzenie tych zalece\u0144 w sytuacji zagro\u017cenia mo\u017ce doprowadzi\u0107 do tragedii.<\/p>\n\n\n\n<hr class=\"wp-block-separator has-alpha-channel-opacity\"\/>\n\n\n\n<p style=\"font-size:14px\"><\/p>\n\n\n\n<p style=\"font-size:14px\"><\/p>\n\n\n\n<p class=\"has-medium-font-size\">APELUJEMY O OSZCZ\u0118DZANIE WODY<\/p>\n\n\n\n<p style=\"font-size:14px\">Drodzy Dzia\u0142kowcy, otrzymali\u015bmy informacj\u0119   o  problememie z dostarczaniem wody dla odbiorc\u00f3w w gminie Pra\u017cm\u00f3w. <\/p>\n\n\n\n<p style=\"font-size:14px\">Problem jest spowodowany nadmiernym wykorzystaniem stanu zapas\u00f3w uzdatnionej wody w zbiornikach na SUW (Stacjach Uzdatniania Wody), kt\u00f3re s\u0105 zlokalizowane w gminie. Obecnie w trybach alarmowych s\u0105 uruchamiane dodatkowe po\u0142\u0105czenia w sieci pomi\u0119dzy SUW-ami, kt\u00f3re wspomagaj\u0105 obszary gminy w miejscach z najwi\u0119kszymi ograniczeniami wody.<\/p>\n\n\n\n<p style=\"font-size:14px\">Apelujemy do Wszystkich Dzia\u0142kowc\u00f3w o oszcz\u0119dzanie wody i o wykorzystywanie jej z wodoci\u0105g\u00f3w tylko dla cel\u00f3w bytowych.<\/p>\n\n\n\n<p style=\"font-size:14px\">Stacje Uzdatniania w momentach maksymalnego poboru nie nad\u0105\u017caj\u0105 z produkcj\u0105 wody w stosunku do potrzeb, co skutkuje ca\u0142kowitym brakiem wody w instalacji w skrajnych przypadkach jak to mia\u0142o miejsce pod koniec minionego weekendu.<\/p>\n\n\n\n<p style=\"font-size:14px\">W tym momencie&nbsp; i w najbli\u017cszej przysz\u0142o\u015bci przy brakach wody powinni\u015bmy solidarnie ekonomicznie gospodarowa\u0107 wod\u0105 m.in. oszcz\u0119dza\u0107 wod\u0119 poprzez ograniczenie zu\u017cycia uzdatnionej wody z sieci gminnej.<\/p>\n\n\n\n<p style=\"font-size:14px\">Sytuacja ta wynika z utrzymuj\u0105cej si\u0119 wieloletniej suszy hydrologicznej na terenie naszej Gminy i na ca\u0142ym Mazowszu. \u015awiadcz\u0105 o tym suche studnie i wysychaj\u0105ce okoliczne zbiorniki wodne.<\/p>\n\n\n\n<p>Komunikat zamieszczony przez Przedsi\u0119biorstwo Komunalne w Pra\u017cmowie :<\/p>\n\n\n\n<p style=\"font-size:14px\">Ponawiamy  i zwracamy si\u0119 pro\u015bb\u0105 o<strong> ograniczenie poboru wody<\/strong> uzdatnionej do cel\u00f3w gospodarczych tj. Prosimy by <strong>NIE PODLEWA\u0106 ogr\u00f3dk\u00f3w przydomowych, trawnik\u00f3w, zieleni i NIE NAPE\u0141NIA\u0106 basen\u00f3w<\/strong> itp. w godzinach <strong>6:00-22:00<\/strong>.<\/p>\n\n\n\n<p>Bli\u017csze informacje mo\u017cna bezpo\u015brednio uzyska\u0107 na stronie internetowej gminy Pra\u017cm\u00f3w.<\/p>\n\n\n\n<p style=\"font-size:14px\"><\/p>\n\n\n\n<hr class=\"wp-block-separator has-alpha-channel-opacity\"\/>\n\n\n\n<p class=\"has-medium-font-size\">BEZPIECZE\u0143STWO <\/p>\n\n\n\n<p style=\"font-size:14px\">Przypominamy \u017ce na terenie Rzeczypospolitej nadal obowi\u0105zuje do 31 sierpnia 2025 II stopie\u0144 zagro\u017cenia BRAVO-CRP.<\/p>\n\n\n\n<p style=\"font-size:14px\">Drugi stopie\u0144 alarmowy (BRAVO) ma charakter prewencyjny i jest zwi\u0105zany z aktualn\u0105 sytuacj\u0105 geopolityczn\u0105 w regionie zwi\u0105zan\u0105 z r\u00f3\u017cnego rodzaju dzia\u0142aniami o charakterze ataku hybrydowego prowadzonego przez Federacj\u0119 Rosyjsk\u0105 i Bia\u0142oru\u015b wzgl\u0119dem Polski i innych kraj\u00f3w Unii Europejskiej oraz konsekwencjami zbrojnego ataku Rosji na Ukrain\u0119.<\/p>\n\n\n\n<p style=\"font-size:14px\">Informujemy \u017ce zgodnie z regulaminem nale\u017cy parkowa\u0107 samochody w wyznaczonych miejscach oraz w taki spos\u00f3b by umo\u017cliwi\u0107 swobodny przejazd dla s\u0142u\u017cb ratunkowych.<\/p>\n\n\n\n<p style=\"font-size:14px\">Nasz teren ogrodu stanowi podwy\u017cszone zagro\u017cenie po\u017carowe z uwagi na zabudow\u0119 drewnian\u0105 oraz bardzo du\u017c\u0105 ilo\u015b\u0107 wewn\u0119trznych nasadze\u0144. Ka\u017cda sekunda op\u00f3\u017anienia w przypadku po\u017caru ma kolosalne znaczenie nie tylko dla mienia ale r\u00f3wnie\u017c dla ludzi przebywaj\u0105cych w naszym ogrodzie.<\/p>\n\n\n\n<p style=\"font-size:14px\">Czyje\u015b zlekcewarzenie regulaminu mo\u017ce mie\u0107 tragiczne konsekwencje. Pami\u0119tajmy \u017ce go\u015bcie nie musz\u0105 zna\u0107 naszego regulaminu, dlatego pe\u0142n\u0105 odpowiedzialno\u015b\u0107 bierze za nich dzia\u0142kowiec.<\/p>\n\n\n\n<hr class=\"wp-block-separator has-alpha-channel-opacity\"\/>\n\n\n\n<p class=\"has-medium-font-size\">WYKASZANIE TRAW<\/p>\n\n\n\n<p style=\"font-size:14px\">Jak co roku, przypominamy wszystkim dzia\u0142kowcom o obowi\u0105zku wykaszania traw nie tylko na terenie dzia\u0142ki ale r\u00f3wnie\u017c na terenie wsp\u00f3lnym przylegaj\u0105cym.  Nasz ogr\u00f3d jest wizerunkiem ca\u0142ego Stowarzyszenia, wi\u0119c dbajmy o porz\u0105dek i dobre postrzeganie naszego ogrodu a w szczeg\u00f3lno\u015bci cz\u0119\u015bci wsp\u00f3lnych kt\u00f3re s\u0105 wizyt\u00f3wk\u0105 nas wszystkich.<br><\/p>\n\n\n\n<p><\/p>\n\n\n\n<hr class=\"wp-block-separator has-alpha-channel-opacity\"\/>\n\n\n\n<p class=\"has-medium-font-size\">AKTUALIZACJA NUMER\u00d3W DO BRAM<\/p>\n\n\n\n<p style=\"font-size:14px\">Informujemy \u017ce w najbli\u017cszym czasie zostanie uaktualniony system zdalnego otwierania bram wjazdowych. Osoby kt\u00f3re nie dokona\u0142y bezpo\u015brednio aktualizacji numer\u00f3w telefonicznych co mia\u0142o miejsce na Walnym Zebraniu w dniu 26\/04\/2025 zobowi\u0105zane s\u0105 wype\u0142ni\u0107 w\u0142asnor\u0119cznie druki z aktualizacj\u0105 uprawnionych numer\u00f3w najp\u00f3\u017aniej do dnia 31\/05\/2025. Druki na pro\u015bb\u0119 udost\u0119pni Zarz\u0105d. Przypominamy \u017ce uprawniony numer zgodnie z regulaminem musi nale\u017ce\u0107 do dzier\u017cawcy dzia\u0142ki oraz cz\u0142onk\u00f3w najbli\u017cszej jego rodziny. Zgodnie z uchwa\u0142\u0105 13\/WZ\/2025 na ka\u017cd\u0105 dzia\u0142k\u0119 mo\u017ce maksymalnie przypada\u0107 4 numery telefonu. Osoby kt\u00f3re do 31\/05\/2025 nie uaktualni\u0105 swoich numer\u00f3w, zostan\u0105 pozbawione mo\u017cliwo\u015bci korzystania z automatycznego otwierania bram za pomoc\u0105 telefonu.<\/p>\n\n\n\n<hr class=\"wp-block-separator has-alpha-channel-opacity\"\/>\n\n\n\n<p class=\"has-medium-font-size\">OBOWI\u0104ZKOWE POMIARY ELEKTRYCZNE<\/p>\n\n\n\n<p style=\"font-size:14px\">Informujemy \u017ce w dniach 28, 29 i 30 kwietnia na terenie naszego ogrodu b\u0119d\u0105 prowadzone prace zwi\u0105zane z wykonywaniem obowi\u0105zkowych pomiar\u00f3w elektrycznych oraz bie\u017c\u0105ce prace konserwacyjne linii energetycznych. W w\/w okresie mog\u0105 wyst\u0105pi\u0107 chwilowe zaniki zasilania.<\/p>\n\n\n\n<hr class=\"wp-block-separator has-alpha-channel-opacity\"\/>\n\n\n\n<p class=\"has-medium-font-size\">WALNE ZEBRANIE CZ\u0141ONK\u00d3W STOWARZYSZENIA<\/p>\n\n\n\n<p style=\"font-size:14px\">Informujemy \u017ce <em>WALNE ZEBRANIE CZ\u0141ONK\u00d3W STOWARZYSZENIA<\/em> odb\u0119dzie si\u0119 w dniu 26 kwietnia. Godzina rozpocz\u0119cia 12:00. Informujemy \u017ce obecno\u015b\u0107 jest OBOWI\u0104ZKOWA dla wszystkich cz\u0142onk\u00f3w Stowarzyszenia.<\/p>\n\n\n\n<hr class=\"wp-block-separator has-alpha-channel-opacity\"\/>\n\n\n\n<p class=\"has-medium-font-size\">OTWARCIE WODOCI\u0104GU <\/p>\n\n\n\n<p style=\"font-size:14px\">Otwarcie wodoci\u0105gu w tym roku b\u0119dzie mia\u0142o miejsce 19 kwietnia od godziny 9:00. Informujemy \u017ce obecno\u015b\u0107 w tym dniu jest obowi\u0105zkowa w celu weryfikacji szczelno\u015bci instalacji wodnej. Zarz\u0105d nie ponosi odpowiedzilano\u015bci za szkody powsta\u0142e w wyniku rozsczelnienia instalacji znajduj\u0105cej si\u0119 na poszczeg\u00f3lnych dzia\u0142kach.<\/p>\n\n\n\n<hr class=\"wp-block-separator has-alpha-channel-opacity\"\/>\n\n\n\n<p class=\"has-medium-font-size\">LICYTACJA DRUKARKI <\/p>\n\n\n\n<p class=\"has-text-align-left\" style=\"font-size:14px\">Z uwagi na wymian\u0119 zu\u017cytego sprz\u0119tu biurowego &#8211; drukarki wielofunkcyjnej laserowej SAMSUNG, Zarz\u0105d Stowarzyszenia og\u0142asza dla Cz\u0142onk\u00f3w Stowarzyszenia Ogrodowego &#8222;Jarosz\u00f3wka&#8221;mo\u017cliwo\u015b\u0107 zakupu w\/w zu\u017cytego urz\u0105dzenia w drodze licytacj. W licytacji mog\u0105 bra\u0107 udzia\u0142 tylko Cz\u0142onkowie Stowarzyszenia &#8222;Jarosz\u00f3wka&#8221; z zarejestrowanym adresem mailowym. Cena wywo\u0142awcza 100 z\u0142. Ch\u0119tnych do zakupu oraz uzyskania dalszych dok\u0142adniejszych informacji prosimy o przes\u0142anie zapyta\u0144 oraz swoich ofert na adres mailowy info@sojaroszowka.pl &#8211; w tytule korespondencji prosz\u0119 wpisa\u0107 LICYTACJA. Korespondencja mailowa wysy\u0142ana z innych adres\u00f3w oraz o innym tytule nie b\u0119dzie brana pod uwag\u0119. Zako\u0144czenie licytacji b\u0119dzie mia\u0142o miejsce na najbli\u017cym Walnym Zebraniu pod koniec kwietnia br. gdzie zostanie podana uzyskana maksymalna cena.<\/p>\n\n\n\n<hr class=\"wp-block-separator has-alpha-channel-opacity\"\/>\n\n\n\n<p><\/p>\n\n\n\n<p class=\"has-medium-font-size\">ZMIANA W ZARZ\u0104DZIE<\/p>\n\n\n\n<p class=\"has-text-align-left\" style=\"font-size:14px\">Informujemy \u017ce z uwagi na z\u0142o\u017con\u0105 rezygnacj\u0119 z mandatu i pe\u0142nienia funkcji Skarbnika przez Pana Bogus\u0142awa, Zarz\u0105d powo\u0142a\u0142 pani\u0105 Ann\u0119 Warunek, jako cz\u0142onka Zarz\u0105du oraz jednocze\u015bnie powierzy\u0142 jej pe\u0142nienie funkcji Skarbnika.<\/p>\n\n\n\n<p><\/p>\n\n\n\n<hr class=\"wp-block-separator has-alpha-channel-opacity\"\/>\n\n\n\n<p class=\"has-medium-font-size\">AKTUALIZACJA DANYCH KONTAKTOWYCH<\/p>\n\n\n\n<div class=\"wp-block-group\"><div class=\"wp-block-group__inner-container is-layout-constrained wp-block-group-is-layout-constrained\">\n<p class=\"has-text-align-left\" style=\"font-size:14px\">Przypominamy o konieczno\u015bci aktualizowania danych kontaktowych, kt\u00f3re s\u0105 niezb\u0119dne do przekazywania informacji zwi\u0105zanych z funkcjonowaniem ogrodu.<\/p>\n\n\n\n<p class=\"has-text-align-left\" style=\"font-size:14px\">Weryfikacje oraz aktualizacje swoich danych nale\u017cy bezpo\u015brednio przeprowadzi\u0107 z Zarz\u0105dem SO Jarosz\u00f3wka.<\/p>\n<\/div><\/div>\n\n\n\n<p><\/p>\n\n\n\n<hr class=\"wp-block-separator has-alpha-channel-opacity\"\/>\n\n\n\n<p class=\"has-medium-font-size\"><\/p>\n\n\n\n<p><\/p>\n\n\n\n<hr class=\"wp-block-separator has-alpha-channel-opacity\"\/>\n\n\n\n<p class=\"has-medium-font-size\"><\/p>\n","protected":false},"excerpt":{"rendered":"<p>10\/04\/2026 WALNE ZEBRANIE CZ\u0141ONK\u00d3W STOWARZYSZENIA Informujemy \u017ce WALNE ZEBRANIE CZ\u0141ONK\u00d3W STOWARZYSZENIA odb\u0119dzie si\u0119 w dniu 26 kwietnia (niedziela). Godzina rozpocz\u0119cia 12:00. Informujemy \u017ce obecno\u015b\u0107 jest OBOWI\u0104ZKOWA dla wszystkich cz\u0142onk\u00f3w Stowarzyszenia 10\/04\/2026 &#x1f4e2; OTWARCIE WODOCI\u0104GU Informujemy, \u017ce w dniu 25 kwietnia 2026 r. (sobota) od godz. 10:00 nast\u0105pi otwarcie wodoci\u0105gu. W tym samym czasie odb\u0119dzie si\u0119 &hellip; <\/p>\n<p class=\"link-more\"><a href=\"https:\/\/sojaroszowka.pl\/index.php\/komunikaty\/\" class=\"more-link\">Czytaj dalej<span class=\"screen-reader-text\"> \u201eKOMUNIKATY\u201d<\/span><\/a><\/p>\n","protected":false},"author":1,"featured_media":0,"parent":0,"menu_order":0,"comment_status":"closed","ping_status":"closed","template":"","meta":{"footnotes":""},"class_list":["post-177","page","type-page","status-publish","hentry"],"_links":{"self":[{"href":"https:\/\/sojaroszowka.pl\/index.php\/wp-json\/wp\/v2\/pages\/177","targetHints":{"allow":["GET"]}}],"collection":[{"href":"https:\/\/sojaroszowka.pl\/index.php\/wp-json\/wp\/v2\/pages"}],"about":[{"href":"https:\/\/sojaroszowka.pl\/index.php\/wp-json\/wp\/v2\/types\/page"}],"author":[{"embeddable":true,"href":"https:\/\/sojaroszowka.pl\/index.php\/wp-json\/wp\/v2\/users\/1"}],"replies":[{"embeddable":true,"href":"https:\/\/sojaroszowka.pl\/index.php\/wp-json\/wp\/v2\/comments?post=177"}],"version-history":[{"count":71,"href":"https:\/\/sojaroszowka.pl\/index.php\/wp-json\/wp\/v2\/pages\/177\/revisions"}],"predecessor-version":[{"id":533,"href":"https:\/\/sojaroszowka.pl\/index.php\/wp-json\/wp\/v2\/pages\/177\/revisions\/533"}],"wp:attachment":[{"href":"https:\/\/sojaroszowka.pl\/index.php\/wp-json\/wp\/v2\/media?parent=177"}],"curies":[{"name":"wp","href":"https:\/\/api.w.org\/{rel}","templated":true}]}}