{"id":200,"date":"2024-06-07T13:06:41","date_gmt":"2024-06-07T11:06:41","guid":{"rendered":"https:\/\/sojaroszowka.pl\/?page_id=200"},"modified":"2024-06-27T12:04:07","modified_gmt":"2024-06-27T10:04:07","slug":"o-nas","status":"publish","type":"page","link":"https:\/\/sojaroszowka.pl\/index.php\/o-nas\/","title":{"rendered":"O NAS"},"content":{"rendered":"\n<p>Nasze Rodzinne Ogrody Dzia\u0142kowe s\u0105  po\u0142o\u017cone bezpo\u015brednio w otulinie Chojnowskiego Parku Krajobrazowego w gminie Pra\u017cm\u00f3w w miejscowo\u015bci Jaroszowa Wola. Pocz\u0105tki powstania ogr\u00f3dk\u00f3w dzia\u0142kowych jeszcze pod patronatem PZD si\u0119gaj\u0105 lat 90, gdzie obecny teren by\u0142 jedn\u0105 wielk\u0105 piaszczyst\u0105 polan\u0105.<\/p>\n\n\n\n<p>Od roku 2015 funkcjonujemy jako Stowarzyszenie Ogrodowe wpisane w KRS pod numerem 0000546983 i posiadamy osobowo\u015b\u0107 prawn\u0105 reprezentowan\u0105 przez Zarz\u0105d Stowarzyszenia. Teren na kt\u00f3rym znajduj\u0105 si\u0119 nasze ogr\u00f3dki dzia\u0142kowe stanowi w\u0142asno\u015b\u0107  Stowarzyszenia Ogrodowego <em>&#8222;JAROSZ\u00d3WKA<\/em>&#8221; wpisan\u0105 w rejestr KW.<\/p>\n\n\n\n<p>Stowarzyszenie Ogrodowe <em>\u201eJAROSZ\u00d3WKA&#8221;<\/em>, jest dobrowoln\u0105, samorz\u0105dn\u0105, trwa\u0142\u0105 organizacj\u0105 spo\u0142eczn\u0105 non profit, zrzeszaj\u0105c\u0105 osoby fizyczne.<\/p>\n\n\n\n<p>Dzia\u0142amy na podstawie przepis\u00f3w ustawy z 7 kwietnia 1989 r. Prawo o stowarzyszeniach [Dz. U. z 1989r. nr 20, poz.104 z p\u00f3\u017an. zm. Dz. U. nr 79 z 2001r. poz.855], oraz Ustawy z 13.12.2013r o Rodzinnych Ogrodach Dzia\u0142kowych [Dz.U. z dn.09.01.20014r. poz. 40] oraz Ustawy Dz.U.2021.1073 z dn.16 czerwca 2021 i innych przepis\u00f3w prawa.<\/p>\n\n\n\n<p><\/p>\n\n\n\n<p><\/p>\n","protected":false},"excerpt":{"rendered":"<p>Nasze Rodzinne Ogrody Dzia\u0142kowe s\u0105 po\u0142o\u017cone bezpo\u015brednio w otulinie Chojnowskiego Parku Krajobrazowego w gminie Pra\u017cm\u00f3w w miejscowo\u015bci Jaroszowa Wola. Pocz\u0105tki powstania ogr\u00f3dk\u00f3w dzia\u0142kowych jeszcze pod patronatem PZD si\u0119gaj\u0105 lat 90, gdzie obecny teren by\u0142 jedn\u0105 wielk\u0105 piaszczyst\u0105 polan\u0105. Od roku 2015 funkcjonujemy jako Stowarzyszenie Ogrodowe wpisane w KRS pod numerem 0000546983 i posiadamy osobowo\u015b\u0107 prawn\u0105 &hellip; <\/p>\n<p class=\"link-more\"><a href=\"https:\/\/sojaroszowka.pl\/index.php\/o-nas\/\" class=\"more-link\">Czytaj dalej<span class=\"screen-reader-text\"> \u201eO NAS\u201d<\/span><\/a><\/p>\n","protected":false},"author":1,"featured_media":0,"parent":0,"menu_order":0,"comment_status":"closed","ping_status":"closed","template":"","meta":{"footnotes":""},"class_list":["post-200","page","type-page","status-publish","hentry"],"_links":{"self":[{"href":"https:\/\/sojaroszowka.pl\/index.php\/wp-json\/wp\/v2\/pages\/200","targetHints":{"allow":["GET"]}}],"collection":[{"href":"https:\/\/sojaroszowka.pl\/index.php\/wp-json\/wp\/v2\/pages"}],"about":[{"href":"https:\/\/sojaroszowka.pl\/index.php\/wp-json\/wp\/v2\/types\/page"}],"author":[{"embeddable":true,"href":"https:\/\/sojaroszowka.pl\/index.php\/wp-json\/wp\/v2\/users\/1"}],"replies":[{"embeddable":true,"href":"https:\/\/sojaroszowka.pl\/index.php\/wp-json\/wp\/v2\/comments?post=200"}],"version-history":[{"count":7,"href":"https:\/\/sojaroszowka.pl\/index.php\/wp-json\/wp\/v2\/pages\/200\/revisions"}],"predecessor-version":[{"id":256,"href":"https:\/\/sojaroszowka.pl\/index.php\/wp-json\/wp\/v2\/pages\/200\/revisions\/256"}],"wp:attachment":[{"href":"https:\/\/sojaroszowka.pl\/index.php\/wp-json\/wp\/v2\/media?parent=200"}],"curies":[{"name":"wp","href":"https:\/\/api.w.org\/{rel}","templated":true}]}}